Let m = 4 - 2. Suppose 0 = -s + m - 1. What is the units digit of s?
1
Suppose 4*a - 2*h - 514 = 0, -2*h - 644 = 3*a - 8*a. What is the tens digit of a?
3
Suppose 8*v = -3*v + 242. What is the tens digit of v?
2
Let f = 14 - 3. What is the units digit of f/(-2)*(-4)/1?
2
Let f be 2/(-7) + 6/21. Let c be -10*(f + 3)/6. What is the units digit of 0 + c/(15/(-9))?
3
Suppose 3*o - 57 = -2*f, -4*f - 4*o + 112 = -0*f. What is the units digit of f?
7
Let h be -1*(-1 + 0 - -4). What is the units digit of h/2 + 385/14?
6
Let r = -10 + 8. Let w be (63/14)/(r/8). Let x = 32 + w. What is the tens digit of x?
1
Suppose 3*u + 2 = 4*u. What is the tens digit of -2 + ((-2)/u - -28)?
2
Let v be (3/(-2) - -1)*-2. Let y be 2 - (v - 1) - -1. Let c = 6 - y. What is the units digit of c?
3
Let d(z) = -2*z**3 - 3*z**2 - 8*z + 6. Let v(n) = n**3 - n**2 - n + 1. Let p(i) = -d(i) - 3*v(i). What is the tens digit of p(7)?
1
Suppose 2*f - 9 = 3*k + f, -5*k = 3*f + 29. Let m(v) = -v**2 - 6*v - 6. Let l be m(k). Suppose a + 1 = l. What is the units digit of a?
1
What is the tens digit of (1288/70)/((-1)/(-5))?
9
Let l be (-3)/9*(-16 + 1). Suppose 4 = -2*z + 5*y - 1, l = 5*z + 5*y. Suppose -19 = -p + 3*k, z*k - 4*k = 3*p - 5. What is the units digit of p?
7
Suppose 48 = a + 4*l - 157, 3*l = 5*a - 1140. What is the tens digit of a?
2
Suppose -4*p + 1 = 3*g - 3*p, 5*p + 27 = g. Suppose v = g*j + 31, -5*j - 62 = -3*v + v. What is the tens digit of v?
3
Let b(n) = -n**2 + 11*n. Let q be b(11). Let z = 8 - q. What is the units digit of z?
8
Suppose 3*l - 13 = 2*l. Suppose j - 4 = l. What is the units digit of j?
7
Suppose -4*l = -5*b + 134, -2*l - 44 = -2*b + 24. Let y = l + 57. What is the units digit of y?
1
Let y(u) = 3*u**2 + 2*u + 1. Let m be y(2). Suppose -2*g - m = v + 2*v, v + 4*g - 11 = 0. Let x = 28 + v. What is the units digit of x?
9
Let o be 2/3 + (-4)/(-3). Suppose 0*q = o*q - 30. What is the tens digit of q?
1
Suppose -l + 10 + 2 = 0. What is the tens digit of l?
1
Let v = 2 + -13. Let a = 18 + v. What is the units digit of a?
7
Let y(p) be the third derivative of -p**4/24 - 7*p**3/6 + p**2. What is the units digit of y(-12)?
5
Suppose -2*l - 2*l + 300 = 2*t, 5*t = l - 64. What is the tens digit of l?
7
Let q = 138 - 67. What is the units digit of q?
1
Let f(n) = -4*n**2 + 1. Let r be f(-1). Let b = -6 - r. What is the units digit of 13 - (-6)/b - 1?
0
Suppose -3*n + 387 = 3*q, n - 95 = -3*q + 26. Suppose -52 = -5*x + n. What is the tens digit of x?
3
Let o(c) = c - 8. Let v be o(8). Suppose -5*h + u - 19 = 6, 0 = -5*u - 25. Let q = v - h. What is the units digit of q?
6
What is the tens digit of 5 - (-3)/(6/430)?
2
Suppose -p + 4*h + 9 = -4*p, 0 = p - 5*h + 3. Let f = p + 7. Suppose 30 = 5*l - 3*g, f*l - 26 = -4*g + 6*g. What is the units digit of l?
9
Suppose 0 = 5*w - 2*h + 7*h - 85, 3*w - 3*h = 57. What is the units digit of w?
8
Let r = -116 + 164. Let a = r - 26. What is the tens digit of a?
2
Let z(c) = 4*c**3 - c**2 + 2*c - 1. What is the units digit of z(2)?
1
Suppose -15 = -4*y - 3. Suppose 0 = -4*o - 2*n + 10, -2*o + 15 = y*o + 2*n. Suppose o*k - 2*k - d - 5 = 0, 0 = -5*k + 2*d + 8. What is the units digit of k?
2
Let u = 251 + -119. What is the hundreds digit of u?
1
Suppose 6*a - 3*a + 44 = -5*u, 2*a = -4*u - 36. Let v be (-34)/u + 6/10. Suppose v*q = -q + 45. What is the units digit of q?
9
Let c(v) = 2*v**2 + 3*v + 7. What is the tens digit of c(-5)?
4
Let d(g) be the second derivative of -g**3/2 - 2*g**2 + g. Let j be d(-3). Suppose -52 = a - j*a. What is the tens digit of a?
1
Suppose 0*d - d = -r + 8, -5*r + 16 = d. Suppose f - 1 = r. What is the units digit of f?
5
Suppose 0 = 2*a - 8, -2*p + 2*a + 125 + 79 = 0. What is the hundreds digit of p?
1
Let r(l) be the first derivative of l**3/3 - l - 1. Let z be r(-2). Suppose 0 = 2*j - z*p + 8, -4*p = 2*j + p - 24. What is the units digit of j?
2
Let n = -36 - -69. What is the units digit of n?
3
Let q = 0 - 2. Let b = q - -4. What is the units digit of b?
2
Suppose -2*a = 2*l - 42, -2*l = -5*a + 2*l + 141. What is the units digit of a?
5
Suppose 96 = -0*h - 4*h - 3*k, 1 = -h + 5*k. Let i be 6/21 + 48/h. Let t = i + 6. What is the units digit of t?
4
Let c be (-16)/(-120) + (-238)/(-15). What is the tens digit of c - (1 + -1 + 2)?
1
Suppose 7*n = 4*n + 4*r + 211, r - 367 = -5*n. What is the tens digit of n?
7
Let l = 10 + -3. What is the units digit of l?
7
Let o(s) = -3*s. Suppose x = 3*h + 10, 2*x = 4*x - 8. What is the units digit of o(h)?
6
Let x = 69 - 71. Let t be ((-1)/2)/((-1)/(-2)). What is the units digit of t*(x - 0/(-1))?
2
Let m(j) = 1 + j**2 - j + 2*j - j. What is the tens digit of m(-3)?
1
Let y = -1 - -1. Let o = y - -2. Suppose -7*g + 2*g - o*k = -14, -k + 9 = 3*g. What is the units digit of g?
4
Suppose 3*v + 7*i - 3*i = -54, -i + 11 = -v. What is the units digit of (-7 - 1)/(4/v)?
8
Suppose 3*s - 2*s - 2 = 0. Suppose s*u = -3*r - r + 6, 5*u + 5*r = 15. What is the units digit of u?
3
Suppose -8*j = -10*j + 554. What is the hundreds digit of j?
2
Let v(c) = -3*c + 8. Let i be v(6). Let r be (-5)/(-2)*(-12)/i. Suppose 0 = -5*o + r*o + 6. What is the units digit of o?
3
Suppose k + 4*k = 0. Let t be k + (-1 - (1 - 4)). Suppose -t*b + 16 = -14. What is the units digit of b?
5
Suppose -2*z - 14 = 4*i, 3*z + 0*i - 11 = 2*i. Suppose w = z - 0. What is the units digit of w?
1
Let v be 49 - -5 - 2/(-1). Suppose 0*r + 4*r = v. Let x = -10 + r. What is the units digit of x?
4
Let s(n) be the third derivative of n**6/120 + n**5/15 - 5*n**4/24 + 7*n**3/6 + 5*n**2. Suppose 2*m + 20 = -2*m. What is the units digit of s(m)?
7
Suppose -i - 9 = -2*g, -4*g = -5*g. Let d be 2/8 + 23/4. What is the units digit of 50/d - (-3)/i?
8
Let t(q) = -q**3 - 4*q**2 - 5*q + 1. What is the units digit of t(-5)?
1
Let s be -1 - (-2 - -1 - 4). Suppose -s*z + 3*z + 9 = 0. What is the units digit of z?
9
Suppose 3*i - 3*v = 3, -3*i - 4*v - v - 5 = 0. Suppose i*y = -3*y + 54. Suppose 0 = 2*t + y - 44. What is the tens digit of t?
1
Suppose 0 = 5*x - 118 - 127. What is the tens digit of x?
4
Let x(q) = 5*q + 204. What is the hundreds digit of x(0)?
2
Let v = 5 + -1. Let z be 3 - (3 + -2 + 0). Suppose -v = -x + z. What is the units digit of x?
6
Suppose 0 = 2*d - 0*a - 5*a - 674, -3*d + 2*a = -1011. What is the tens digit of d?
3
Let l = 2 + 13. What is the units digit of l?
5
What is the units digit of (84 + 7 + -3)/(1 + 0)?
8
Suppose -4*f = -6*f - 4. Let a be -4*(f - 0)/8. Suppose u - 7 + a = 0. What is the units digit of u?
6
Let p(q) = -q**3 + 3*q**2 - 3*q + 3. Let a be p(-3). Suppose 0*h - a = -3*h. Suppose 5*g + 20 = 5*t, -g - 2*g - h = -5*t. What is the units digit of g?
1
What is the units digit of (2/4)/(6/204)?
7
Suppose -7*u - 150 = -9*u. What is the tens digit of u?
7
Let z be -8 - -7 - (-12)/(-2). Let q be ((-51)/21 + -1)*z. Suppose -6*t = -3*t - q. What is the units digit of t?
8
Suppose 2*x = 7*x - j - 58, -5*x = 3*j - 66. Let d = 0 + x. Suppose -4*l + d = -4. What is the units digit of l?
4
Suppose -195 = -4*f - k, -f - 3*k = 4*f - 242. What is the tens digit of f?
4
What is the tens digit of 15/2*30/9?
2
What is the units digit of (-19 - -9)*68/(-10)?
8
Let p(j) = j**2 - 7*j + 9. Let a be p(6). Suppose i - a*i = -4. What is the units digit of i/(3 + (-10)/4)?
4
Let g = -13 + 7. Let d = 9 + -8. What is the units digit of d/(-3) + (-38)/g?
6
Suppose -14 = -4*d + 2*v, 0 = -2*d + 2*v + 4. Suppose d + 10 = 5*x. What is the units digit of x?
3
Let b(h) = 2*h - 4. Suppose 0 = 5*k - 30 - 0. What is the units digit of b(k)?
8
Suppose 2*a = 2, -255 = -3*s + 5*a - 95. What is the units digit of s?
5
What is the tens digit of 507/6 - (-8)/(-16)?
8
Suppose -2*g + 5*w = -10 - 23, 0 = -2*g - 5*w - 17. Suppose -g*a + a + j = -18, 2*j = 2*a - 16. What is the units digit of a?
5
Suppose -2*p + 7 = -c, 0 = -4*p + 3*c - 7*c + 8. Suppose p*k - 44 = 2*x + 1, 4*x + 51 = 3*k. What is the units digit of k?
3
What is the units digit of 25/3 + (-8)/24?
8
What is the tens digit of (-905)/(-25) - 1/5?
3
What is the units digit of 105/2*6/9?
5
Let s(y) = y + 8. Let m be s(-6). Suppose m*c = -c. What is the units digit of 7 - (0 + -2 - c)?
9
Suppose -3*j + 202 = -j. What is the hundreds digit of j?
1
Let s(f) = 2*f**3 + f**2 + 3*